ite?
True
Is 570329 prime?
True
Is 186343 composite?
False
Is 11617 composite?
False
Is 7727 prime?
True
Is 435419 a composite number?
False
Is 4249 a composite number?
True
Is 45785 prime?
False
Is 128585 prime?
False
Is 331883 a prime number?
True
Is 158837 composite?
True
Is 182279 composite?
False
Is 97547 prime?
True
Is 36167 prime?
False
Is 20807 prime?
True
Is 907 a prime number?
True
Is 306689 a composite number?
False
Is 44881 a composite number?
True
Is 29327 a prime number?
True
Is 1087 prime?
True
Is 96821 prime?
True
Is 3985 a composite number?
True
Is 631 composite?
False
Is 419 a composite number?
False
Is 264437 prime?
True
Is 213091 composite?
False
Is 5003 a composite number?
False
Is 156439 a composite number?
True
Is 23599 composite?
False
Is 17569 a composite number?
False
Is 13751 a prime number?
True
Is 99811 a composite number?
True
Is 211 composite?
False
Is 146273 prime?
True
Is 1841 composite?
True
Is 38473 a composite number?
True
Is 7817 prime?
True
Is 6617 a prime number?
False
Is 1065923 composite?
True
Is 110767 a prime number?
False
Is 1861 a composite number?
False
Is 723271 prime?
True
Is 185119 prime?
False
Is 1766 a composite number?
True
Is 638981 prime?
False
Is 1663723 composite?
True
Is 8563 a composite number?
False
Is 192571 composite?
False
Is 218923 a composite number?
False
Is 7367 composite?
True
Is 5953 a prime number?
True
Is 748669 composite?
False
Is 530443 a composite number?
False
Is 3787 a composite number?
True
Is 298153 prime?
True
Is 27067 composite?
False
Is 433049 prime?
True
Is 36479 prime?
True
Is 14545 a composite number?
True
Is 8173 prime?
False
Is 12205 prime?
False
Is 285007 a prime number?
True
Is 158107 a prime number?
False
Is 86947 a composite number?
True
Is 10033 composite?
True
Is 5179961 composite?
False
Is 10037 a composite number?
False
Is 24431 composite?
True
Is 22853 a composite number?
False
Is 208301 composite?
True
Is 2653 composite?
True
Is 244873 prime?
True
Is 8899 a composite number?
True
Is 8327 composite?
True
Is 165343 a prime number?
True
Is 6031 prime?
False
Is 24743 a composite number?
True
Is 3829427 composite?
True
Is 409133 composite?
True
Is 7559 prime?
True
Is 14197 a prime number?
True
Is 3557 composite?
False
Is 2957 prime?
True
Is 170957 prime?
True
Is 103453 prime?
False
Is 4105 a prime number?
False
Is 586871 composite?
False
Is 40045 composite?
True
Is 447481 a composite number?
False
Is 12319 composite?
True
Is 1012307 a composite number?
False
Is 46142 a prime number?
False
Is 66337 a prime number?
True
Is 991 composite?
False
Is 877803 prime?
False
Is 3389 a prime number?
True
Is 10783 composite?
True
Is 35519 composite?
True
Is 4367 a prime number?
False
Is 25342 a composite number?
True
Is 1811 composite?
False
Is 38431 a composite number?
False
Is 5509 a prime number?
False
Is 319147 composite?
False
Is 4685 prime?
False
Is 10167 a composite number?
True
Is 18087 composite?
True
Is 50789 a prime number?
True
Is 43213 prime?
False
Is 247369 prime?
True
Is 34381 composite?
False
Is 153787 prime?
False
Is 691037 a composite number?
False
Is 276763 composite?
False
Is 33703 composite?
False
Is 4385 prime?
False
Is 387197 prime?
True
Is 5953 prime?
True
Is 117509 a composite number?
True
Is 19289 composite?
False
Is 78301 prime?
True
Is 16673 a prime number?
True
Is 17245 a prime number?
False
Is 1495313 a prime number?
False
Is 21577 composite?
False
Is 4169 composite?
True
Is 4045 composite?
True
Is 14131 composite?
True
Is 2317 a composite number?
True
Is 895 a prime number?
False
Is 320923 composite?
False
Is 181073 composite?
True
Is 1582043 a prime number?
True
Is 140441 prime?
False
Is 416719 composite?
False
Is 5561 a composite number?
True
Is 451039 prime?
True
Is 22613 composite?
False
Is 9649 a composite number?
False
Is 6469 a composite number?
False
Is 22009 a prime number?
False
Is 30779 composite?
True
Is 11083 a prime number?
True
Is 1289779 a composite number?
False
Is 446938 a composite number?
True
Is 7861 a prime number?
False
Is 789 composite?
True
Is 51539 composite?
False
Is 43879 a prime number?
False
Is 2399 a prime number?
True
Is 268459 a prime number?
True
Is 54169 a prime number?
False
Is 111563 composite?
True
Is 579041 a composite number?
True
Is 435817 a composite number?
False
Is 32114 a composite number?
True
Is 53695 a composite number?
True
Is 35515 a prime number?
False
Is 17341 prime?
True
Is 82595 prime?
False
Is 14709 a composite number?
True
Is 797497 a prime number?
True
Is 1082843 composite?
True
Is 1209877 a prime number?
True
Is 49871 prime?
True
Is 414383 a prime number?
True
Is 82637 a prime number?
False
Is 17623 a prime number?
True
Is 19571 a composite number?
False
Is 36969 a composite number?
True
Is 4483 prime?
True
Is 43933 a composite number?
False
Is 205 a prime number?
False
Is 214949 a composite number?
True
Is 180805 prime?
False
Is 263257 a prime number?
True
Is 569171 prime?
False
Is 43087 prime?
False
Is 59101 composite?
True
Is 18317 a composite number?
True
Is 9489 a prime number?
False
Is 4781 a prime number?
False
Is 993 a composite number?
True
Is 1627763 composite?
False
Is 1466099 a composite number?
False
Is 1535155 prime?
False
Is 16015 prime?
False
Is 9235 a composite number?
True
Is 300971 composite?
True
Is 593687 a prime number?
False
Is 244273 composite?
True
Is 37529 a composite number?
False
Is 32251 a composite number?
False
Is 35251 composite?
False
Is 65329 a composite number?
True
Is 156217 a prime number?
True
Is 400823 composite?
False
Is 17455 a composite number?
True
Is 36851 a composite number?
True
Is 4757 a prime number?
False
Is 210655 composite?
True
Is 34801 composite?
True
Is 21263 composite?
True
Is 1482106 composite?
True
Is 137351 a prime number?
False
Is 12497 composite?
False
Is 68023 a composite number?
False
Is 26083 composite?
False
Is 22169 composite?
True
Is 309 prime?
False
Is 6913 a composite number?
True
Is 747587 a prime number?
True
Is 84253 a prime number?
False
Is 418427 a prime number?
True
Is 93419 a prime number?
True
Is 31469 prime?
True
Is 221393 prime?
True
Is 1652979 prime?
False
Is 557893 a prime number?
False
Is 75241 prime?
False
Is 10529 composite?
False
Is 1013471 a prime number?
True
Is 3490517 composite?
False
Is 239777 a prime number?
False
Is 6031 composite?
True
Is 15949 a prime number?
False
Is 314187 prime?
False
Is 100307 composite?
True
Is 77999 a prime number?
True
Is 4840049 a composite number?
False
Is 148099 a composite number?
True
Is 145499 a prime number?
False
Is 1268369 composite?
False
Is 37678 a prime number?
False
Is 497 a prime number?
False
Is 340943 a prime number?
False
Is 46391 a prime number?
False
Is 1869598 a composite number?
True
Is 5039 composite?
False
Is 564191 prime?
True
Is 530549 a prime number?
True
Is 127637 a composite number?
False
Is 817867 a prime number?
True
Is 9587 a composite number?
False
Is 69807 prime?
False
Is 35381 a prime number?
True
Is 189919 prime?
False
Is 383257 a composite number?
True
Is 10211 a composite number?
False
Is 95527 a prime number?
True
Is 1157 composite?
True
Is 339557 a prime number?
True
Is 22409 composite?
False
Is 6521 a prime number?
True
Is 169987 prime?
True
Is 9199 composite?
False
Is 4909 composite?
False
Is 29123 a prime number?
True
Is 44417 prime?
True
Is 174047 a composite number?
False
Is 302871 a composite number?
True
Is 1784137 a prime number?
True
Is 4535 a composite number?
True
Is 1843 a prime number?
False
Is 30631 composite?
False
Is 379273 a composite number?
False
Is 327179 a prime number?
True
Is 832819 composite?
True
Is 13901 prime?
True
Is 117197 prime?
False
Is 20851 composite?
True
Is 4607 a prime number?
False
Is 156719 a prime number?
True
Is 166795 a composite number?
True
Is 64553 composite?
False
Is 36193 a prime number?
False
Is 63059 composite?
False
Is 562493 a composite number?
False
Is 61762 prime?
False
Is 11107 a composite number?
True
Is 115259 composite?
False
Is 1037213 a composite number?
False
Is 11053 a composite number?
True
Is 4229 prime?
True
Is 49597 a composite number?
False
Is 7993 a prime number?
True
Is 43313 a prime number?
True
Is 191591 a composite number?
True
Is 423209 prime?
True
Is 1